 w**2/2 - 3*w - 11. Let r = -4 + 3. Let i = -1 - r. Give m(i).
-3
Let p(d) = d**2 - d - 2. Suppose 3*z = -0 - 12. Let y = z - -5. Let s be ((-14)/35)/(y/5). Give p(s).
4
Let d = 9 - 6. Let s(y) = y - y - d*y. Let a be s(1). Let u(x) = x**2 + x - 2. Give u(a).
4
Let u be -12*(21/12 - 2). Let l(x) = 2*x**2 + 1 - 2 - 2*x + 0*x + x**u - x. What is l(-2)?
5
Let x(t) = 3*t + 1. Let i(o) = -o**2 + o. Let r be i(3). Let u = 5 + r. Determine x(u).
-2
Suppose -y = -4*k + 14, 5*k - y - 17 = -0*y. Let j(r) be the third derivative of -1/24*r**4 + 1/3*r**3 + 0 + 13*r**2 + 0*r. Calculate j(k).
-1
Let w(i) = 8*i. Let q(b) = -8*b - 1. Let p(d) = -3*q(d) - 2*w(d). Determine p(-2).
-13
Let p be 1/(-2 - 5/(-2)). Let w(d) = -2*d + d**2 + 9*d + 2*d**2 - 4*d**p - 8. Let m = 20 + -14. What is w(m)?
-2
Let w(j) = j**2 + 9*j - 12. Let m be w(-10). Let u(i) be the second derivative of -i**5/20 + i**4/12 + i**3/3 - i. What is u(m)?
8
Suppose -n + 0*n + 2 = 0. Suppose 0 = 3*d - x - 14, 6*x - n*x = d - 1. Let z(o) = o**3 - 1 - 3 - 4*o**2 + o - 4*o. Determine z(d).
6
Suppose 0 = k + 2*k. Let z(c) = c**3 - c + 11. Determine z(k).
11
Let s = 170 - 172. Let g(q) = -q - 3. Determine g(s).
-1
Let l(x) be the third derivative of x**5/20 + x**4/24 + x**3/6 - 12*x**2. Calculate l(-2).
11
Let w(m) = 4*m - 9. Let r(l) = -l + 1. Let c(p) = -5*r(p) - w(p). Suppose -3*x = -5*y - 6, -2*x = -2*y - 0*y. Calculate c(y).
1
Let t(d) be the second derivative of 2*d**3/3 - 2*d**2 - 8*d. Give t(3).
8
Let m(p) = p + 3. Let k be 0 - (-2)/4*-10. Let o be m(k). Let x(h) = -8 + 5*h + 2*h**2 - h + 11. Determine x(o).
3
Let x(o) be the second derivative of o**5/20 - 2*o**4/3 + o**3 + 2*o**2 + 2*o + 23. What is x(7)?
-3
Suppose -s + 0*t = 2*t + 5, -4*s - t - 6 = 0. Let a be ((-4)/(-4))/(s/1). Let w(j) = -j**3. Determine w(a).
1
Let b(m) = -6*m. Suppose 4*s + 0*s - 5*n - 28 = 0, -3*n = s + 10. What is b(s)?
-12
Let t(v) = -v**3 + 5*v**2 - 4*v - 2. Let x be 132/154*(-14)/(-3). Calculate t(x).
-2
Suppose 38*h - 34*h + 8 = 0. Let p(d) = 8*d. Give p(h).
-16
Suppose -3*l = -4*n + 26, 4*n - n - 2*l = 19. Let z(g) = -g**2 + 6*g**3 - 1 - 4*g**2 + 2*g - 5*g**3. Determine z(n).
9
Let x(s) = s**3 - s**2 - s - 1. Suppose -2*f - 3 = -r + 2*r, 5*r = 5*f - 15. What is x(f)?
-1
Let o(d) = -2*d - 6. Let p be (5 + 1)*6/(-9)*1. Determine o(p).
2
Let c(a) = a + 2. Let s(i) = 16*i - 1. Let x be s(1). Suppose x = -2*y - y. What is c(y)?
-3
Suppose -2 = -3*d - 14. Let f be 1/3*(1 + d). Let g(o) = 10*o. Determine g(f).
-10
Let z(p) be the third derivative of 0 + 0*p + 1/6*p**3 - 1/24*p**4 - 1/60*p**5 - 3*p**2 + 1/120*p**6. What is z(2)?
3
Let a(w) = -5*w + 0*w**2 + 3 - w**2 + 3*w. Let p(y) be the second derivative of y**3/3 + y**2/2 + y. Let u be p(-2). What is a(u)?
0
Let m(p) = p**3 - p**2 - 1. Let k(r) = -3*r**3 + r**2 - r + 1. Let d(s) = k(s) + 2*m(s). Calculate d(0).
-1
Suppose 4*h = -3*i - 18, -4*i = -h + 4 + 1. Let f(x) = -x**2 + 3. Let b be f(h). Let k(c) = -c**2 - 7*c - 4. Give k(b).
2
Let i(a) = -1 - 3*a + 5*a - 3*a - 6*a**2. Let z be 2/(-4)*(-2 - 2). Suppose z*u + 7 = 3*g, 5*g + 25 = -2*u - 2*u. Calculate i(g).
-6
Suppose 2*f + 2*f + 4 = -m, 5*m + 20 = -3*f. Let r(o) = o**2 + 1. Let c be r(f). Let a(i) = -6*i**2 + 1. Determine a(c).
-5
Suppose 4*i - 3 = -5*z + 1, 0 = -2*i - 4*z - 4. Let m(y) = -y**3 + 6*y**2 - 5. Determine m(i).
-5
Let t = 23 + -4. Let f = -11 + t. Suppose d - 4 = -z, 2*z - 5*d - f + 0 = 0. Let o(x) = 3*x - 2. Determine o(z).
10
Let g = 6 + -4. Let x(p) = g*p**3 + 2*p - 3*p - 6*p**3 - 4*p**2 + 3*p**2. Let w = 2 + -3. Give x(w).
4
Let b(s) = -2*s**3 - 3*s**2 + 2. Suppose -q = 5*c + q - 1, -2*c = 2*q + 2. Let k = c - 3. Determine b(k).
6
Let z(l) be the second derivative of -l**3/6 - 8*l**2 - 2*l. Calculate z(0).
-16
Let w(n) = 4 - 3 - 2*n - 3 - n**2 + 4. Give w(-4).
-6
Let r(b) = -6*b**2 - 5 + 2 - 2*b + 4. What is r(1)?
-7
Let g be (-7)/(-28) + (-11)/(-4). Let o(u) = -2*u**2 + 4*u. What is o(g)?
-6
Let o(p) = -p**2 - 7*p - 5. Suppose 0 = -7*t + 3*t + 36. Suppose -5*q + t + 16 = 0. Suppose 27 = -5*d + z, 5*z + 23 - 8 = -q*d. Determine o(d).
5
Let b(u) = -4*u**2 - 3*u + 5*u**2 - 1 - 2*u + 2. What is b(5)?
1
Let w(t) = -8*t**3 + 7*t**2 - 8*t - 7. Let m = -8 + 1. Let a(n) = -7*n**3 + 6*n**2 - 7*n - 7. Let o(p) = m*a(p) + 6*w(p). Calculate o(0).
7
Let i(u) = 15*u**2 + 14*u - 2. Let o(j) = -7*j**2 - 7*j + 1. Let y(h) = 6*i(h) + 13*o(h). Determine y(-8).
-7
Suppose 2*t = -c + 4, -t + 1 = -c - 2*t. Let i(r) = -3*r - 47. Let k(w) = -w - 16. Let j(b) = 3*i(b) - 8*k(b). Calculate j(c).
-7
Let r be (-84)/16 + (-1)/(-4). Let w = r - -7. Let j(z) = z**w + 2 + z + 0*z - 1. Determine j(-1).
1
Let r(v) = v**3 + 5*v**2 + 3*v - 5. Suppose -4 = -2*j + j. Suppose 14 = -q + 3*n, -4*n = 5*q - 0*n + 32. Let f = j + q. Calculate r(f).
-1
Let c(w) = 2*w**3 - 2*w**2 - 3*w + 4. Let v be 57/(-18) + 3 + 57/18. Give c(v).
31
Let q(r) = 0*r - r**2 + 0*r + 7 - 5*r. Let n be 2 + 2/4*-2. Let a be n/((1/(-5))/1). Give q(a).
7
Let c(l) = l - 3. Suppose -f + 4*f = -15. Calculate c(f).
-8
Let g(h) = 19*h**2 - 11*h**2 - 6*h**2 + 7 - h - 3*h**2 - h**3. Give g(0).
7
Let g(d) = 1 + d**2 + 0 + 3*d + 2. Suppose -o = -0*p - 2*p + 10, p + o - 2 = 0. Suppose p*r = 2*f, f + 12 = -3*r - r. What is g(r)?
1
Let f(m) = -m**2 - 2*m - 3. Let r = -3 + -1. Determine f(r).
-11
Let k(n) = -5*n**2 - 6*n + 3. Let s(b) = -4*b**2 - 7*b + 4. Let o = 11 + -7. Let t(u) = o*s(u) - 5*k(u). Suppose 4*p + 4 + 0 = 0. What is t(p)?
8
Let i = 6 - 2. Suppose 6 = w + j, 3*w - 24 = i*j - 9*j. Let r(y) be the third derivative of y**5/60 - y**4/12 + y**3/3 - 2*y**2. Calculate r(w).
5
Let a(v) = -v**3 - 2*v**2 - 1. Let w = -2 + 2. Let n be -1 - (w - (-6)/(-3)). Let l be 1/n + -2 + -1. What is a(l)?
-1
Let m be (-4)/(-6)*54/4. Suppose 3*g = 3*t + m, 1 + 2 = 2*t - 5*g. Let q(h) be the first derivative of h**4/4 + 2*h**3 - 2*h + 6. Determine q(t).
-2
Let x(b) = b**2 - 3*b - 1. Suppose 0 = -5*g - 3*w + 53, -2*g + 24 = 7*w - 3*w. Suppose g = -4*i + 2. What is x(i)?
9
Let j(k) = -9*k + 9. Let v(y) = -5*y + 5. Let u(i) = -4*j(i) + 7*v(i). Calculate u(-3).
-4
Let r(y) be the first derivative of 10*y - 1 + 0*y**2 - 1/3*y**3. Determine r(0).
10
Let o(k) = -k**3 + 8*k**2 - k - 2. Let q be 3*2*((-60)/(-18) + -2). Determine o(q).
-10
Let k = 11 + -17. Let q(r) = -r**2 - 6*r + 1. Let o be q(k). Let u(p) be the second derivative of -p**3/2 - 5*p. What is u(o)?
-3
Let i(c) = c**2 - c + 1. Let w(z) be the third derivative of -z**4/24 - 5*z**3/6 - z**2. Let t be w(-6). Calculate i(t).
1
Let n(w) = 6*w - 2. Let p be n(3). Suppose 0*g + p = -4*g. Let i(d) = -d**2 - 7*d - 5. Give i(g).
7
Let n(y) = -2*y + 5. Let x = 17 + -11. Determine n(x).
-7
Suppose -2 = -4*v + 2*b, -b = -3*v + b - 1. Let l(w) = 2*w + 2. Calculate l(v).
8
Let r be 18/30 - 8/(-20). Let f(z) = -2*z**2 - 1. Calculate f(r).
-3
Suppose 0 = 8*x - 16. Let u(c) = 2*c**3 + 3*c**2 - 3*c + 1. Calculate u(x).
23
Let n(o) = 4*o - 1. Let q be 3/((-9)/(-45) + 12/(-10)). Give n(q).
-13
Suppose -28*t + 12 = -30*t. Let z(x) = x**3 + 6*x**2 + 2*x + 3. Determine z(t).
-9
Let z(i) be the third derivative of -i**8/2240 - i**7/2520 + i**6/360 - i**5/120 - i**4/8 - i**2. Let k(j) be the second derivative of z(j). Calculate k(-2).
15
Let b = 2 + -1. Let f(z) be the first derivative of -1/4*z**4 + 1/3*z**3 + 3 + z - 1/2*z**2. Determine f(b).
0
Let y(h) = -12 - 5 - 3*h + 14. Let c be (21 + 0 - 1)*1. Suppose c = -5*o + i + 4*i, o + 6 = 2*i. Give y(o).
3
Suppose 0 = 3*u - 14 + 5. Let s(i) = -i**u - 2 + 3 - 4 - i. Suppose 4*w = 2*w. Determine s(w).
-3
Let v(a) = -a**3 - 5*a**2 - 4*a - 1. Let o(h) = h - 4. Let y be o(6). Suppose -u = y*u + 9. Calculate v(u).
-7
Let x(h) = -14*h - 3 + 7*h - 2*h**2 + 0*h**2 + h. Determine x(-4).
-11
Let i(u) = u**2 + 2*u + 2. Let n(o) = -3*o**2 - 5*o - 5. Let b(v) = -5*i(v) - 2*n(v). Determine b(0).
0
Suppose 7 - 43 = 12*w. Let g(t) = -t - 4. Calculate g(w).
-1
Suppose 3*x - 2*i - 2 = 4*x, -4*x - 19 = -3*i. Let y(q) = -q**2 - 5*q - 5. Determine y(x).
-1
Let r = 1 - 2. Let k be (-5)/(-5)*0/r. Let l(o) = -1. Let g(p) = p**2 - p - 8. Let t(w) = -g(w) + l(w). Determine t(k).
7
Let r(p) = p**3 - 4*p**2 - 2*p. Let l be r(4). Let v(y) = -2*y - 10. What is v(l)?
6
Suppose f + 4*n - 14 = 0, 3*f - 5*f + 4*n - 32 = 0. Let q(r) = -r**2